ime factors of 550946167.
31, 17772457
What are the prime factors of 189556376?
2, 23694547
List the prime factors of 93792401.
47, 1995583
List the prime factors of 1855083671.
7, 173, 1531861
What are the prime factors of 88165889?
7, 12595127
List the prime factors of 133223847.
3, 43, 193, 5351
List the prime factors of 7238872.
2, 17, 31, 101
What are the prime factors of 34885143?
3, 641, 6047
List the prime factors of 1051181811.
3, 23, 2131, 2383
List the prime factors of 223231876.
2, 7, 1217, 6551
List the prime factors of 224144331.
3, 74714777
List the prime factors of 30431970.
2, 3, 5, 269, 419
List the prime factors of 580993110.
2, 3, 5, 23, 280673
What are the prime factors of 8490086?
2, 11, 35083
List the prime factors of 57979659.
3, 19, 227, 4481
List the prime factors of 114648672.
2, 3, 769, 1553
List the prime factors of 29822358.
2, 3, 53, 191, 491
List the prime factors of 187200504.
2, 3, 503, 1723
What are the prime factors of 193943940?
2, 3, 5, 41, 78839
What are the prime factors of 194414538?
2, 3, 23, 41, 34361
What are the prime factors of 315788107?
17, 18575771
List the prime factors of 244701450.
2, 3, 5, 7, 131, 593
List the prime factors of 103557943.
103557943
List the prime factors of 73805814.
2, 3, 59, 69497
List the prime factors of 100056763.
2381, 42023
What are the prime factors of 23205076?
2, 103, 151, 373
What are the prime factors of 612249424?
2, 17, 2250917
List the prime factors of 3259732347.
3, 41, 43, 205441
List the prime factors of 250017862.
2, 6869, 18199
List the prime factors of 355815440.
2, 5, 17, 61, 4289
List the prime factors of 1238872560.
2, 3, 5, 59, 87491
What are the prime factors of 6378161259?
3, 10321, 205993
What are the prime factors of 29121266?
2, 23, 283, 2237
What are the prime factors of 545633562?
2, 3, 7489, 12143
What are the prime factors of 5249212492?
2, 83, 15810881
What are the prime factors of 796360326?
2, 3, 23, 5770727
List the prime factors of 440990445.
3, 5, 7, 73, 8219
List the prime factors of 26631199.
7, 3804457
What are the prime factors of 6208387163?
11, 173, 3262421
What are the prime factors of 1168267915?
5, 19, 12297557
What are the prime factors of 107733163?
1553, 69371
What are the prime factors of 68004269?
68004269
What are the prime factors of 51953606?
2, 25976803
List the prime factors of 841505352.
2, 3, 107, 327689
What are the prime factors of 243782871?
3, 4397, 18481
List the prime factors of 252185692.
2, 11, 401, 14293
What are the prime factors of 2019225675?
3, 5, 26923009
What are the prime factors of 1693894941?
3, 188210549
What are the prime factors of 1185294714?
2, 3, 197549119
List the prime factors of 1261020415.
5, 252204083
List the prime factors of 785223749.
23, 29, 1177247
What are the prime factors of 526734390?
2, 3, 5, 7, 13, 61, 3163
What are the prime factors of 3287368112?
2, 7, 29351501
List the prime factors of 2169116107.
53, 83, 493093
What are the prime factors of 1062982552?
2, 211, 269, 2341
List the prime factors of 353952692.
2, 67, 827, 1597
List the prime factors of 94610204.
2, 13, 89, 20443
What are the prime factors of 285620021?
53, 101, 229, 233
What are the prime factors of 343867919?
61, 67, 84137
What are the prime factors of 1883537214?
2, 3, 13, 53, 673, 677
List the prime factors of 203134447.
203134447
List the prime factors of 69638741.
31, 2246411
List the prime factors of 5969812204.
2, 1492453051
List the prime factors of 9268868.
2, 7, 331031
What are the prime factors of 1360434026?
2, 7, 97173859
What are the prime factors of 502934464?
2, 71, 110681
What are the prime factors of 162079212?
2, 3, 43, 314107
List the prime factors of 868671389.
17, 51098317
What are the prime factors of 132848820?
2, 3, 5, 13, 56773
List the prime factors of 79214373.
3, 7, 17, 37, 1999
List the prime factors of 501356249.
19, 127, 173, 1201
What are the prime factors of 518548806?
2, 3, 1789, 16103
What are the prime factors of 1586499936?
2, 3, 7, 103, 22921
What are the prime factors of 20949463?
2741, 7643
List the prime factors of 35881326.
2, 3, 13, 79, 647
What are the prime factors of 296358708?
2, 3, 24696559
What are the prime factors of 355452721?
13, 359, 76163
List the prime factors of 30645225.
3, 5, 13, 10477
List the prime factors of 178172699.
17, 10480747
What are the prime factors of 147242922?
2, 3, 43, 197, 2897
List the prime factors of 4732433.
4732433
List the prime factors of 66017387.
193, 342059
What are the prime factors of 70047797?
683, 102559
List the prime factors of 32478018.
2, 3, 31, 174613
List the prime factors of 686548685.
5, 4217, 32561
List the prime factors of 48865903.
48865903
What are the prime factors of 529245344?
2, 1693, 9769
What are the prime factors of 55750451?
967, 57653
List the prime factors of 160539950.
2, 5, 449, 7151
List the prime factors of 2930550688.
2, 13, 29, 421, 577
List the prime factors of 3693386724.
2, 3, 821, 374887
What are the prime factors of 23358354?
2, 3, 3893059
List the prime factors of 161627422.
2, 11, 53, 138617
List the prime factors of 751767658.
2, 375883829
What are the prime factors of 1267404633?
3, 11, 19, 673793
List the prime factors of 59822005.
5, 197, 60733
What are the prime factors of 27715527?
3, 7, 6983
What are the prime factors of 62264498?
2, 31132249
What are the prime factors of 19144279?
7, 11, 248627
What are the prime factors of 1344099015?
3, 5, 7, 103, 4603
List the prime factors of 584434227.
3, 13, 31, 157, 3079
What are the prime factors of 3272120627?
3272120627
List the prime factors of 77257905.
3, 5, 131, 39317
What are the prime factors of 282254215?
5, 19, 167, 17791
List the prime factors of 5765386808.
2, 720673351
What are the prime factors of 1615888542?
2, 3, 269314757
What are the prime factors of 109131134?
2, 7, 53, 21011
What are the prime factors of 1408761571?
7, 43, 53, 233, 379
List the prime factors of 105273969.
3, 35091323
List the prime factors of 60714798.
2, 3, 71, 359, 397
List the prime factors of 231455936.
2, 293, 12343
List the prime factors of 19196440.
2, 5, 31, 113, 137
What are the prime factors of 71009351?
7, 10144193
List the prime factors of 40421431.
59, 685109
List the prime factors of 136750200.
2, 3, 5, 59, 3863
List the prime factors of 1765610718.
2, 3, 17, 61, 283769
List the prime factors of 2490659134.
2, 1245329567
What are the prime factors of 668823405?
3, 5, 44588227
List the prime factors of 834967908.
2, 3, 23193553
List the prime factors of 685813758.
2, 3, 7, 59, 103, 2687
List the prime factors of 34501104.
2, 3, 11, 23, 947
List the prime factors of 523508972.
2, 7, 18696749
What are the prime factors of 550934367?
3, 67, 1619, 1693
What are the prime factors of 3528532297?
11731, 300787
List the prime factors of 95056960.
2, 5, 127, 2339
List the prime factors of 4350546142.
2, 2175273071
List the prime factors of 856574127.
3, 911, 104473
What are the prime factors of 181290945?
3, 5, 11, 23, 31, 67
List the prime factors of 33779867.
11, 17, 29, 6229
List the prime factors of 92525846.
2, 7, 199, 33211
List the prime factors of 450038627.
503, 894709
List the prime factors of 75588216.
2, 3, 11, 26029
What are the prime factors of 174836433?
3, 37, 67, 23509
What are the prime factors of 360174?
2, 3, 60029
What are the prime factors of 12160498?
2, 7, 47, 18481
What are the prime factors of 572334714?
2, 3, 7, 23, 65831
List the prime factors of 1736154.
2, 3, 7, 1531
What are the prime factors of 50650747?
7, 7235821
What are the prime factors of 58783573?
58783573
List the prime factors of 1552567274.
2, 776283637
List the prime factors of 5450921507.
68399, 79693
List the prime factors of 415905007.
7, 71, 283, 2957
What are the prime factors of 32930284?
2, 8232571
What are the prime factors of 8843699?
8843699
What are the prime factors of 469446826?
2, 31, 97, 78059
List the prime factors of 61804276.
2, 1709, 9041
List the prime factors of 1753499010.
2, 3, 5, 79, 281, 2633
What are the prime factors of 217092329?
17, 59, 101, 2143
What are the prime factors of 34233547?
37, 43, 21517
What are the prime factors of 776851986?
2, 3, 89, 1454779
What are the prime factors of 234373232?
2, 14648327
List the pri